2723?
12723
In base 4, what is -1122101 - -231?
-1121210
In base 11, what is 0 + -9070?
-9070
In base 9, what is -14464 - 148?
-14623
In base 11, what is 6 + -54660?
-54655
In base 15, what is -382a4 - -4?
-382a0
In base 15, what is -56 + 3911?
38aa
In base 6, what is 11232235 - 4?
11232231
In base 12, what is -407a - 16b?
-4229
In base 4, what is 11321131 - -11?
11321202
In base 2, what is 1000001111110001011 - 11?
1000001111110001000
In base 4, what is 232330 + -1?
232323
In base 11, what is 101 + -2367?
-2266
In base 12, what is -3 - 9415?
-9418
In base 9, what is 816 + 38?
855
In base 2, what is 11001110101010 + 100?
11001110101110
In base 9, what is 353010 + -3?
353006
In base 7, what is 1425115 - -4?
1425122
In base 12, what is -36a1 - -2?
-369b
In base 11, what is -25983 + -5?
-25988
In base 11, what is -15924 + -12?
-15936
In base 2, what is -10100000000000 - 10111?
-10100000010111
In base 10, what is -725655 - -2?
-725653
In base 16, what is 1c23 - 13?
1c10
In base 2, what is -101 - 100011000010001010010?
-100011000010001010111
In base 3, what is 1022000021 + 121?
1022000212
In base 5, what is 10 - -22330131?
22330141
In base 9, what is 4 + 385054?
385058
In base 4, what is 1001 + 3111303?
3112310
In base 12, what is 15557 + 4?
1555b
In base 2, what is -10100001110000101100 + -10?
-10100001110000101110
In base 9, what is -25624 - 3?
-25627
In base 13, what is -a40 - -2c?
-a11
In base 2, what is 1010111010010001 - 111?
1010111010001010
In base 16, what is 0 + -4be33?
-4be33
In base 13, what is 1 - 960?
-95c
In base 13, what is -4c2 + -c36?
-1428
In base 13, what is 3a872 + 1?
3a873
In base 5, what is 313 + 13044?
13412
In base 4, what is 3121131 - -122?
3121313
In base 16, what is -1d35 - -c?
-1d29
In base 7, what is 43001243 + 4?
43001250
In base 16, what is -3b + -c2c?
-c67
In base 13, what is -cca - 52?
-104c
In base 11, what is -65 + 257?
1a2
In base 6, what is 145401 - -43?
145444
In base 10, what is 2628 - 24?
2604
In base 13, what is -5 + 242b0?
242a8
In base 7, what is 146 - -16?
165
In base 10, what is -72 + 1439?
1367
In base 10, what is -33783 + 3?
-33780
In base 15, what is -7957 - -16?
-7941
In base 5, what is 13 - -42204?
42222
In base 15, what is -21b6 + -51?
-2217
In base 15, what is -60 - 18?
-78
In base 3, what is 2102 + -201120?
-122011
In base 5, what is -44244404 - -13?
-44244341
In base 3, what is 101 - 121012212?
-121012111
In base 12, what is 1a6b03 - 6?
1a6ab9
In base 14, what is 67 + -604b?
-5dc4
In base 13, what is 15521 - 8?
15516
In base 4, what is -302221 - -1200?
-301021
In base 10, what is -9975 + -12?
-9987
In base 5, what is 2 - -1344203?
1344210
In base 14, what is -23 + -a20?
-a43
In base 7, what is 1503262 + -2?
1503260
In base 10, what is 24 + -16985?
-16961
In base 4, what is 12 + -101030?
-101012
In base 14, what is -12ba1 + -4?
-12ba5
In base 9, what is -17 + 11761?
11743
In base 2, what is 1 - 1010100001101111000?
-1010100001101110111
In base 12, what is -162a39 - 3?
-162a40
In base 4, what is 20010 + 11121?
31131
In base 14, what is 1 - -12ba9?
12baa
In base 14, what is 1868 + -5?
1863
In base 14, what is -1516d - -4?
-15169
In base 8, what is 4 - -437175?
437201
In base 11, what is 4 - -25285?
25289
In base 10, what is 488 - -986?
1474
In base 10, what is 2517745 + 4?
2517749
In base 9, what is 1 - 60613?
-60612
In base 10, what is -675 + 669?
-6
In base 15, what is 9 - 5736?
-572c
In base 3, what is -100122010 - -102111?
-100012122
In base 12, what is 109474 + -7?
109469
In base 8, what is -4 + -1342516?
-1342522
In base 16, what is -6d6 - 9?
-6df
In base 4, what is -21332120 - 30?
-21332210
In base 15, what is -ca69 - 5?
-ca6e
In base 6, what is -1032 + -150552?
-152024
In base 4, what is -1021310213 + 1?
-1021310212
In base 10, what is 216 - -3094?
3310
In base 8, what is -172 + -2164?
-2356
In base 16, what is -22 - -a83?
a61
In base 12, what is -1a56 + 537?
-151b
In base 10, what is -3900 + 25?
-3875
In base 12, what is 113b + -5?
1136
In base 5, what is 4 + 324241?
324300
In base 5, what is 431 + 12114?
13100
In base 3, what is 122122001 - -12?
122122020
In base 5, what is -132013400 + -1?
-132013401
In base 10, what is 5 - -9269?
9274
In base 12, what is -855a - 5?
-8563
In base 13, what is 2c + -1620?
-15c1
In base 8, what is -761327 + 1?
-761326
In base 4, what is -121313 - -21?
-121232
In base 14, what is 2 - -1db8?
1dba
In base 3, what is -2 + 2222201200?
2222201121
In base 9, what is -388 + -707?
-1206
In base 9, what is 7354 + 22?
7376
In base 11, what is 2a9 + -49?
260
In base 10, what is 186 - -20?
206
In base 13, what is 533 - -19?
54c
In base 16, what is -127 + -e?
-135
In base 7, what is 13140 - -1?
13141
In base 14, what is -3 + 19?
16
In base 10, what is -683 - 103?
-786
In base 12, what is 1 - 99613?
-99612
In base 10, what is 1153 + 37?
1190
In base 16, what is -275 - -15b?
-11a
In base 15, what is -1 + 3db5d?
3db5c
In base 10, what is 3991 - 106?
3885
In base 6, what is -1 + 1120040?
1120035
In base 13, what is 1664 + -6?
165b
In base 8, what is 0 - -31564?
31564
In base 10, what is -5503 - 26?
-5529
In base 5, what is 4 + 34120442?
34121001
In base 16, what is 13 + -d57a?
-d567
In base 4, what is -3 + -30213033?
-30213102
In base 6, what is -25 + -12552?
-13021
In base 7, what is 1624 + -100?
1524
In base 8, what is 1 - -234117?
234120
In base 2, what is 10100 + -1010110000100?
-1010101110000
In base 2, what is 101 - 11010011111100?
-11010011110111
In base 3, what is -11 + 11112012?
11112001
In base 13, what is -20 + -3aa3?
-3ac3
In base 2, what is -10 + 101110111001111?
101110111001101
In base 6, what is -323 + -53454?
-54221
In base 6, what is 5 + -1303?
-1254
In base 8, what is -1 + -33440?
-33441
In base 7, what is -11 + 54335?
54324
In base 5, what is -10413 + -1?
-10414
In base 6, what is 232 + 51102?
51334
In base 7, what is -15 - 114?
-132
In base 16, what is 23a0e - c?
23a02
In base 5, what is -4 + 22113221?
22113212
In base 8, what is 2234 - -140?
2374
In base 15, what is 4 + e20a?
e20e
In base 13, what is -3689 + 3a?
-364c
In base 15, what is -2 + -11ec?
-11ee
In base 13, what is 5 - -15c1?
15c6
In base 7, what is -362410 - 6?
-362416
In base 13, what is -25 + 1b55?
1b30
In base 7, what is -126124 - -26?
-126065
In base 8, what is -400 - -265?
-113
In base 15, what is -1 + 2b2c?
2b2b
In base 8, what is 112 + 15275?
15407
In base 3, what is 211110212012 - 11?
211110212001
In base 11, what is 669 + -4a?
61a
In base 14, what is 1522 - -1a?
153c
In base 9, what is -33410 - 44?
-33454
In base 5, what is 41343 - 2?
41341
In base 16, what is cbbc - -11?
cbcd
In base 9, what is 12450 - 10?
12440
In base 7, what is -656 - 31?
-1020
In base 6, what is 3 - -1205455?
1205502
In base 16, what is -4 - 16193?
-16197
In base 12, what is -1 + 1678?
1677
In base 2, what is -1 + 1110110100000101101?
1110110100000101100
In base 3, what is 211211 - -201?
212112
In base 14, what is -35 - -cd0a?
ccb5
In base 5, what is -31102012 - -1?
-31102011
In base 14, what is -1 + -5c35d?
-5c360
In base 6, what is 52 - 1040255?
-1040203
In base 2, what is -111 - -1101000010101110?
1101000010100111
In base 10, what is 2056 + 897?
2953
In base 2, what is -111010010111 - -1?
-111010010110
In base 4, what is 0 + -133303210?
-133303210
In base 5, what is 1004 - -241?
1300
In base 4, what is -103 + 2223?
2120
In base 7, what is 1061504 + 40?
1061544
In base 15, what is 52b - 6e?
4ac
In base 6, what is -22245 + -51?
-22340
In base 9, what is -68 + 351?
272
In base 16, what is 598 + -16?
582
In base 4, what is 11 + 2223031?
2223102
In base 3, what is 1012212 + 110?
1020022
In base 7, what is -12366 - 0?
-12366
In base 4, what is 33113 + -2010121?
-1311002
In base 15, what is -b547 - -2?
-b545
In base 3, what is 1101001110022 + 1?
1101001110100
In base 4, what is 3300200201 - -10?
3300200211
In base 7, what is 151343 + 5?
151351
In base 10, what is 105 + -375?
-270
In base 9, what is 78 - -232?
321
In base 5, what is -11033334 + -4?
-11033343
In base 6, what is -335 + -22405?
-23144
In base 5, what is 3032 - 200433?
-142401
In base 15, what is -a + -61399?
-613a4
In base 4, what is -321022 - 10100?
-331122
In base 6, what is -10212 - 100?
-10312
In base 16, what is -1b7 + 3f5?
23e
In base 5, what